 41. Let w = j - d. Is w a multiple of 12?
False
Let l(b) = b**2 - 8*b - 1. Let y be l(7). Let t(m) = -m**3 - 8*m**2 - 9*m + 10. Let o be t(y). Let p = -43 + o. Is 13 a factor of p?
True
Let r = 10 - 18. Does 15 divide 78 - 2/(r/(-12))?
True
Does 12 divide (-15 + 0/2)*(-8220)/75?
True
Let l(y) = y**2 + 11*y + 15. Let z(j) = 5*j + 34. Let f be z(-10). Does 13 divide l(f)?
False
Suppose 0 = 11*y - 15*y + 24. Suppose -j + y*j = 20. Suppose 0 = j*l - 57 - 147. Does 29 divide l?
False
Suppose 0*d = 3*d. Suppose d = 5*g - 4*g - 3. Suppose -q + 39 = g. Is 18 a factor of q?
True
Suppose 1166 = 5*d - 4*l, -5*d + 22*l = 17*l - 1170. Does 83 divide d?
False
Suppose 2*f = -s + 55 + 40, 2*f + 511 = 5*s. Does 14 divide s?
False
Let h(x) = x**3 + 5*x**2 + x + 6. Let c(k) = -k**2 + 11*k - 34. Let m be c(5). Is 4 a factor of h(m)?
False
Let n = 14 + -24. Let c be (-16)/40 + (-264)/n. Suppose 2*m - 22 = c. Is 12 a factor of m?
True
Let n(f) = 3*f**3 + 39*f**2 + 9*f - 37. Is n(-11) a multiple of 38?
False
Suppose -k = w - 1, 3*k - 20 = -w - 9. Let b be 50/w*(-24)/30. Suppose -d - d = -h + b, -5*h - 2*d = -98. Is 10 a factor of h?
False
Let s(t) = 5*t**3 - 6*t**2 + 4*t + 10. Let l(p) = -p - 1. Let c(b) = -5*l(b) - s(b). Is 36 a factor of c(-4)?
False
Suppose -99*y = -102*y + 24. Suppose 3*r - 29 = -d, -5*d + 3*r - y*r = -115. Is 12 a factor of d?
False
Let v be (3 - 0) + 1 + 9 + -9. Let t be (4/7)/(2/7). Suppose -v*b = -t*h + 18, 4*b - b - 19 = -5*h. Does 2 divide h?
False
Let d(n) = 3*n - 8*n**3 - 8*n**3 - 2 + 9*n**2 + 17*n**3. Does 24 divide d(-5)?
False
Suppose 0 = -30*l + 26*l + 36. Suppose 12*b - 444 = l*b. Does 32 divide b?
False
Suppose 5*q + 0*q - 5 = 0, -5*v = 3*q + 472. Let p = -92 - v. Is p a multiple of 3?
True
Suppose 0 = 5*x + 4*n - 260, 2*x + n = -x + 149. Let c be 31/6 - 8/x. Suppose 5*f - 138 = -4*b, c*f + 0*b - 147 = -b. Is f a multiple of 15?
True
Suppose -13*b = -34972 + 5137. Is b a multiple of 14?
False
Let a(y) = 342*y**2 + 8*y + 0 - 343*y**2 + 7 - 2. Suppose 0 = -2*h - 2*x, h + 4*x + 5 = 2*x. Does 18 divide a(h)?
False
Let o = -5 - -5. Suppose o = -4*t + t - 12. Let l(u) = -5*u - 2. Is l(t) a multiple of 6?
True
Suppose -18*q + 1063 + 611 = 0. Is 2 a factor of q?
False
Let l(o) = o**2 - o - 5. Suppose 19 + 1 = -5*u, 5*b = 3*u + 22. Let j(t) = -3*t + 2. Let w be j(b). Does 15 divide l(w)?
True
Let n = 82 - 52. Does 14 divide (-671)/(-6) + 5/n?
True
Let m = 606 + -39. Let l = m - 375. Suppose 6*t = 3*t + l. Is 28 a factor of t?
False
Suppose -2*b = -2, -3*d + 2*d = -b + 3. Let w be 25 + d/(-4 - -2). Suppose 5*v = -2*h + 31 + 82, 0 = -2*v + 4*h + w. Does 21 divide v?
True
Suppose 3*v = 5*v - 26. Suppose -6 = -5*n + 4. Suppose u = n*o - 62 - v, -3*o - u + 125 = 0. Is 13 a factor of o?
False
Let u = -207 - -263. Is u a multiple of 8?
True
Let d(m) = -m**3 + 8*m**2 - 8*m + 15. Let x be d(7). Is 8 a factor of (65/(-50) - (-4)/x)*-10?
True
Let s be (-4)/5 - (-2064)/30. Suppose -4*k - z - 3*z + s = 0, 0 = 2*z + 6. Does 5 divide k?
True
Let c = 2824 + -1537. Is c a multiple of 33?
True
Suppose -4*a - 3*f - f = 0, 0 = a + 3*f + 4. Suppose 3*b = -a*c - 11 + 100, 81 = 2*b - 3*c. Is b a multiple of 11?
True
Suppose -3*d - 96 = 2*y, -3*d - d - 3*y = 128. Let u be (3/(-2))/(12/d). Suppose u*a - 6 = 22. Is a a multiple of 7?
True
Suppose -5*k = 18 - 3. Is 4 a factor of 9/2*(-4)/k?
False
Let j = -439 - -665. Let f(w) = -5*w - 2. Let o be f(-5). Suppose -2*b + 68 = v - o, -5*b - 3*v = -j. Is 20 a factor of b?
False
Suppose 0 = -5*c - 10, 0 = -2*x - 2*c + 259 + 231. Is x a multiple of 19?
True
Is 7 a factor of (-2)/(-2)*819/(4/4)?
True
Let a = 3 - 7. Let b(u) = -u**3 - 5*u**2 + 8. Let j be b(a). Is 3 a factor of 3/(-12) + (-106)/j?
False
Let a be 42/8 - 3*1/12. Suppose 29 = a*k - 3*c, k - 2*c + 25 = 4*k. Is 7 a factor of k?
True
Suppose -2*w - 5*x - 1 = 0, 3*w + 3*x = -2*x + 1. Is 31 a factor of w*(-12)/8 + 189?
True
Suppose 8*o - o - 49 = 0. Is 35 a factor of (-350)/o*14/(-4)?
True
Let j be -3*(1 + (-185)/15). Let u = 86 - j. Does 7 divide u?
False
Suppose -11*s = -15*s - 1004. Does 12 divide -1*s*(-1 - -2)?
False
Suppose f + x - 3*x = 1, 5*x + 13 = 4*f. Suppose f*k = 10*k - 114. Is 10 a factor of k?
False
Let f = -1137 + 1857. Is 18 a factor of f?
True
Suppose -f = -4*i + 5*i - 1724, -f + 5*i = -1712. Does 64 divide f?
False
Let q be (-515)/9 + 22/99. Let b = -12 - q. Is 15 a factor of b?
True
Does 13 divide (-24)/6 - 3/((-15)/1840)?
True
Let a(f) = 38*f**2 + 11*f. Let x be a(-7). Suppose 0 = 13*n - 672 - x. Does 16 divide n?
False
Does 16 divide (-140)/(-15)*((-9504)/28)/(-6)?
True
Is (7/(-70)*-12)/((-6)/(-645)) a multiple of 5?
False
Suppose 92 + 97 = 3*a - 2*w, -2*w + 126 = 2*a. Let v = a - 58. Does 4 divide v?
False
Suppose 2*q + 3*o = -o + 26886, q + 4*o - 13435 = 0. Suppose -q = 4*k + 17385. Is 17 a factor of k/(-91) + (-4)/(-14)?
True
Let m(t) = 4*t**2 - 34*t - 17. Is m(14) a multiple of 35?
False
Suppose j = -j. Let o(z) = z**2 - z + 57. Does 8 divide o(j)?
False
Suppose 13 = -2*i - 23. Let o(u) = u**3 + 18*u**2 - 3*u + 1. Is 32 a factor of o(i)?
False
Let t be (-56)/(-9) - (-12)/(-54). Let l = 5 - t. Let y = 29 - l. Is 15 a factor of y?
True
Let l = 455 + -65. Does 10 divide l?
True
Let m(c) = -c**3 - 18*c**2 + 8*c + 7. Let f be m(-18). Let b = f + 245. Is b a multiple of 12?
True
Let f(p) = 35*p**2 + 15*p - 15. Let l be f(1). Let m = 9 - 4. Suppose -m*b + 20 = -l. Does 3 divide b?
False
Let o be (18/(-12))/(9/84). Does 12 divide (-762)/o + (-64)/(-112)?
False
Let m(g) = -13 - 8 + g + 42 + 5*g. Does 11 divide m(8)?
False
Does 5 divide (7 - 250/30)/((-8)/6234)?
False
Let a(l) = 23*l - 67. Let k be a(3). Suppose 3*f - 150 = -0*f. Let b = f - k. Is 24 a factor of b?
True
Let u = 77 - -53. Is u a multiple of 30?
False
Suppose 0 = 7*h - 167 - 785. Is 4 a factor of h?
True
Suppose 8*w - 3085 = 3*w. Does 22 divide w?
False
Let c be 215/20 - (-3)/12. Suppose c*n = 6*n + 325. Is 13 a factor of n?
True
Let s = 0 - -3. Suppose 2 + 2 = 4*y, -f = -s*y + 39. Does 7 divide (-747)/f + (-1)/(-4)?
True
Let m(v) = -2*v**3 + 9*v**2 - 6*v + 9. Let l be m(6). Let g = 73 + l. Is 4/6 + g/(-6) a multiple of 3?
False
Suppose -3*d - 2*t - 3346 = -8*d, -4*d - t + 2669 = 0. Is d a multiple of 9?
False
Let h(i) = 145*i**3 - 3*i**2 + i + 1. Is 12 a factor of h(1)?
True
Let u(g) = -g**2 + 9*g - 27. Let w be u(13). Let h = w + 139. Is h a multiple of 11?
False
Let v(i) be the first derivative of -18*i + 4 + 14*i + 3*i**2 + 0*i**2 + 2*i**2. Is v(4) a multiple of 12?
True
Let p be (17/51 + 1/(-3))/2. Suppose 4*x = x + 210. Let u = p + x. Is u a multiple of 13?
False
Let p(u) = -2*u**2 - u + 8. Let w be p(-3). Is ((-18)/(-7))/((-1)/w) a multiple of 9?
True
Let w(a) = -6*a - 24. Let c be 2*2/(-4)*-7. Let h = -14 + c. Is 6 a factor of w(h)?
True
Let m(n) = -3*n**3 - 5*n**2 - 4*n. Suppose 2*j = -3*j + 25. Suppose j*k + 0 = -15. Is m(k) a multiple of 25?
False
Suppose 0*i + 2*i = -2*v + 1164, -5*v - i = -2922. Is 46 a factor of v?
False
Let z(w) = w**2 + 11*w + 13. Let o be z(-10). Suppose -23 = 4*g - o*p, -4*g - 6 = p - 3. Let h = g - -112. Is h a multiple of 24?
False
Let g be (-648)/(-10) - (-4)/20. Suppose -g*y + 61*y = -88. Is 11 a factor of y?
True
Let q be 25*35 - (1 - 0). Suppose -4*z = -q + 238. Is z a multiple of 46?
False
Let p = 94 - 92. Suppose 67 = 3*s - p. Is s a multiple of 15?
False
Let x(b) = 3*b**2 - b - 4. Let n(l) = 13*l**2 - 3*l - 16. Let o(k) = 2*n(k) - 9*x(k). Let p be o(6). Does 8 divide (p - 1)*(-15)/9?
False
Let t = 1069 + -595. Is t a multiple of 6?
True
Let t be (15/4)/((-5)/(-60)). Let v = t - 72. Let f = v - -55. Is 6 a factor of f?
False
Let n = -21 - -34. Suppose -604 = -n*j - 136. Is j a multiple of 3?
True
Let r = -109 + 136. Is 3 a factor of r?
True
Let s = 284 + -39. Does 24 divide s?
False
Is 71 a factor of (13/(-3) + (-10 - -14))*-6207?
False
Let n(k) = k**3 - k. Let h be n(0). Suppose s = -h*s + 4. Suppose s*v = 4*u + 116, 155 - 13 = 5*v - 4*u. Is 15 a factor of v?
False
Let f(s) = -s**3 - 6*s**2 + 9*s + 19. Let d be f(-7). Suppose 174 = d*v - 3*v. Does 15 divide v?
False
Suppose 0 = 2*b + 3*b + r - 466, -5*b + 3*r + 462 = 0. Let y = b - 71. Is y a multiple of 22?
True
Suppose -10*a - 203 = -17*a. Let j be (-4 - -3) + 4/(-1). Let p = j + a. Do